{"id":1698,"date":"2024-09-23T15:19:39","date_gmt":"2024-09-23T13:19:39","guid":{"rendered":"https:\/\/savegrain-cer.com\/?page_id=1698"},"modified":"2024-09-23T16:08:46","modified_gmt":"2024-09-23T14:08:46","slug":"intervento-rgv-4","status":"publish","type":"page","link":"https:\/\/savegrain-cer.com\/index.php\/progetto-savegrain\/intervento-rgv-4\/","title":{"rendered":"INTERVENTO RGV 4"},"content":{"rendered":"\t\t<div data-elementor-type=\"wp-page\" data-elementor-id=\"1698\" class=\"elementor elementor-1698\">\n\t\t\t\t<div class=\"elementor-element elementor-element-6e6bb731 e-con-full e-flex e-con e-parent\" data-id=\"6e6bb731\" data-element_type=\"container\">\n\t\t\t\t<div class=\"elementor-element elementor-element-199cb13a elementor-widget elementor-widget-heading\" data-id=\"199cb13a\" data-element_type=\"widget\" data-widget_type=\"heading.default\">\n\t\t\t\t<div class=\"elementor-widget-container\">\n\t\t\t\t\t<h4 class=\"elementor-heading-title elementor-size-default\"><i>Caratterizzazione morfologica e genetica, sistemi di identificazione varietale (comprese l'individuazione e l'applicazione di nuove metodologie e tecniche), redazione di descrittori morfologici e schede ampelografiche e pomologiche di ciascuna risorsa genetica al fine di realizzare un sistema di riconoscimento standardizzato delle risorse genetiche autoctone.<\/i><\/h4>\t\t\t\t<\/div>\n\t\t\t\t<\/div>\n\t\t\t\t<\/div>\n\t\t<div class=\"elementor-element elementor-element-de6278c e-flex e-con-boxed e-con e-parent\" data-id=\"de6278c\" data-element_type=\"container\">\n\t\t\t\t\t<div class=\"e-con-inner\">\n\t\t\t\t<div class=\"elementor-element elementor-element-fc7fa52 elementor-widget elementor-widget-text-editor\" data-id=\"fc7fa52\" data-element_type=\"widget\" data-widget_type=\"text-editor.default\">\n\t\t\t\t<div class=\"elementor-widget-container\">\n\t\t\t\t\t\t\t\t\t<p>Secondo quanto riportato nel Piano Nazionale per la Biodiversit\u00e0 in Agricoltura la caratterizzazione delle RGV locali, che comprenda aspetti morfologici, genetici (RGV4), agronomici\/produttivi, tecnologici\/nutrizionali (RGV5) e nutraceutici\/ salutistici, \u00e8 presupposto fondamentale per il loro razionale impiego, il mantenimento di un buon livello di variabilit\u00e0 genetica e fenotipica, una maggiore e pi\u00f9 regolare produzione di seme. Inoltre, le RGV locali di cereali, richiedono una chiave identificativa univoca per una<br \/>efficace conservazione sia <em>in situ<\/em>, ad opera di &#8220;coltivatori custodi&#8221;, che <em>ex situ<\/em> propria delle banche del germoplasma e dei campi collezione.<br \/>Le peculiarit\u00e0 di ciascuna RGV autoctona, acquisita e\/o gi\u00e0 presente nelle collezioni di lavoro, saranno valutate con un approccio multidisciplinare che si avvarr\u00e0 delle comprovate competenze dei partner nell&#8217;uso di tecniche analitiche di routine altamente innovative.<br \/>Tutti i dati, le elaborazioni e le informazioni devono essere implementati nella Banca Dati e nel sistema GIS e consegnate al Capofila.<\/p><p><strong>A1- Caratterizzazione morfologica<br \/>Partner 01\/C, 01\/ES, 02\/ES, 04\/ES, 05\/ES<\/strong><\/p><p>I Partner 01\/C, 01\/ES, 02\/ES, 04\/ES, 05\/ES alleveranno il materiale genetico nei campi collezione, nel quale oltre alle RGV saranno allevate anche le &#8220;variet\u00e0 di riferimento&#8221;. La collezione sar\u00e0 sottoposta a caratterizzazione morfo-fisiologica su semi (dimensione, peso, colore, forma) e piante in toto. Inoltre verr\u00e0 effettuata una valutazione sull&#8217;adattabilit\u00e0 ambientale. Essendo i fattori morfologici fortemente<br \/>influenzati dai fattori ambientali, i rilievi saranno effettuati su prove in replica condotte in due anni.<br \/>Per rendere il lavoro di caratterizzazione morfologica standardizzato \u00e8 fondamentale la stesura di schede ampelografiche (predisposte in formato digitale), avvalendosi delle competenze multidisciplinari di tutti i partner e rispettando le indicazioni e i descrittori riportati nel Piano Nazionale della Biodiversit\u00e0 in Agricoltura. Le schede serviranno a implementare database relazionali per l&#8217;elaborazione statistica delle informazioni.<\/p><p><strong>A2 &#8211; Caratterizzazione genetica<br \/>Partner 01\/C, 01\/ES, 05\/ES<\/strong><\/p><p>I Partner 01\/C, 01\/ES, 05\/ES, sceglieranno 8-10 campioni per ciascuno tra quelli caratterizzati morfologicamente nell&#8217;A1 e li sottoporranno ad una approfondita analisi che permetter\u00e0 di definire la variabilit\u00e0 genetica e il profilo\/impronta di ogni variet\u00e0 locale al fine di renderlo riconoscibile e certificarne\/tracciarne l&#8217;origine genetica. Le tecniche biochimiche (1D-PAGE, 2D-PAGE, RP-HPLC), molecolari (SSR) e di sequenziamento ad alta processivit\u00e0 saranno prevalentemente impiegate per la caratterizzazione di proteine (frazioni proteiche complesse correlate con aspetti qualitativi-tecnologici) e del DNA. In base alla specie oggetto di indagine sar\u00e0 definito di volta in volta il gruppo di tecniche<br \/>(biochimiche e molecolari) da applicare.<br \/>In dettaglio si provveder\u00e0:<br \/>&#8211; alla determinazione della struttura genetica di ciascuna RGV inserita del progetto;<br \/>&#8211; allo sviluppo di una chiave identificativa univoca.<\/p>\t\t\t\t\t\t\t\t<\/div>\n\t\t\t\t<\/div>\n\t\t\t\t\t<\/div>\n\t\t\t\t<\/div>\n\t\t\t\t<\/div>\n\t\t","protected":false},"excerpt":{"rendered":"<p>Caratterizzazione morfologica e genetica, sistemi di identificazione varietale (comprese l&#8217;individuazione e l&#8217;applicazione di nuove metodologie e tecniche), redazione di descrittori morfologici e schede ampelografiche e pomologiche di ciascuna risorsa genetica al fine di realizzare un sistema di riconoscimento standardizzato delle risorse genetiche autoctone. Secondo quanto riportato nel Piano Nazionale per la Biodiversit\u00e0 in Agricoltura la&#8230;<\/p>\n","protected":false},"author":1,"featured_media":0,"parent":232,"menu_order":0,"comment_status":"closed","ping_status":"closed","template":"","meta":{"om_disable_all_campaigns":false,"_monsterinsights_skip_tracking":false,"_monsterinsights_sitenote_active":false,"_monsterinsights_sitenote_note":"","_monsterinsights_sitenote_category":0,"ngg_post_thumbnail":0,"footnotes":""},"class_list":["post-1698","page","type-page","status-publish","hentry"],"aioseo_notices":[],"_links":{"self":[{"href":"https:\/\/savegrain-cer.com\/index.php\/wp-json\/wp\/v2\/pages\/1698","targetHints":{"allow":["GET"]}}],"collection":[{"href":"https:\/\/savegrain-cer.com\/index.php\/wp-json\/wp\/v2\/pages"}],"about":[{"href":"https:\/\/savegrain-cer.com\/index.php\/wp-json\/wp\/v2\/types\/page"}],"author":[{"embeddable":true,"href":"https:\/\/savegrain-cer.com\/index.php\/wp-json\/wp\/v2\/users\/1"}],"replies":[{"embeddable":true,"href":"https:\/\/savegrain-cer.com\/index.php\/wp-json\/wp\/v2\/comments?post=1698"}],"version-history":[{"count":7,"href":"https:\/\/savegrain-cer.com\/index.php\/wp-json\/wp\/v2\/pages\/1698\/revisions"}],"predecessor-version":[{"id":1718,"href":"https:\/\/savegrain-cer.com\/index.php\/wp-json\/wp\/v2\/pages\/1698\/revisions\/1718"}],"up":[{"embeddable":true,"href":"https:\/\/savegrain-cer.com\/index.php\/wp-json\/wp\/v2\/pages\/232"}],"wp:attachment":[{"href":"https:\/\/savegrain-cer.com\/index.php\/wp-json\/wp\/v2\/media?parent=1698"}],"curies":[{"name":"wp","href":"https:\/\/api.w.org\/{rel}","templated":true}]}}