{"id":1731,"date":"2024-09-25T15:34:27","date_gmt":"2024-09-25T13:34:27","guid":{"rendered":"https:\/\/savegrain-cer.com\/?page_id=1731"},"modified":"2024-09-25T15:44:42","modified_gmt":"2024-09-25T13:44:42","slug":"intervento-rgv-7","status":"publish","type":"page","link":"https:\/\/savegrain-cer.com\/index.php\/progetto-savegrain\/intervento-rgv-7\/","title":{"rendered":"INTERVENTO RGV 7"},"content":{"rendered":"\t\t<div data-elementor-type=\"wp-page\" data-elementor-id=\"1731\" class=\"elementor elementor-1731\">\n\t\t\t\t<div class=\"elementor-element elementor-element-b06c016 e-con-full e-flex e-con e-parent\" data-id=\"b06c016\" data-element_type=\"container\">\n\t\t\t\t<div class=\"elementor-element elementor-element-35ae2c18 elementor-widget elementor-widget-heading\" data-id=\"35ae2c18\" data-element_type=\"widget\" data-widget_type=\"heading.default\">\n\t\t\t\t<div class=\"elementor-widget-container\">\n\t\t\t\t\t<h4 class=\"elementor-heading-title elementor-size-default\"><i>Registrazione di variet\u00e0\/cloni\/biotipi nei cataloghi nazionali e regionali.<\/i><\/h4>\t\t\t\t<\/div>\n\t\t\t\t<\/div>\n\t\t<div class=\"elementor-element elementor-element-928a56b e-con-full e-flex e-con e-child\" data-id=\"928a56b\" data-element_type=\"container\">\n\t\t\t\t<div class=\"elementor-element elementor-element-08634e4 elementor-widget elementor-widget-text-editor\" data-id=\"08634e4\" data-element_type=\"widget\" data-widget_type=\"text-editor.default\">\n\t\t\t\t<div class=\"elementor-widget-container\">\n\t\t\t\t\t\t\t\t\t<p><strong>A1 &#8211; Registrazione di variet\u00e0 all&#8217;anagrafe regionale e nazionale<\/strong><br \/><strong>Partner &#8211; 01\/C, 01\/ES, 02\/ES, 04\/ES, 05\/ES<\/strong><\/p><p>I partner, in accordo con il capofila, concorderanno le variet\u00e0 a rischio di erosione genetica da iscrivere all&#8217;anagrafe regionale e nazionale con previa compilazione delle schede descrittive approvate con D.M. 1862 del 18\/01\/2018.<br \/>Le schede saranno composte da una lista di descrittori contenenti un elenco di attributi.<br \/>La metodologia permetter\u00e0 di:<br \/>&#8211; uniformare il pi\u00f9 possibile i rilievi eseguiti da operatori diversi, riducendone soggettivit\u00e0 e discrezionalit\u00e0;<br \/>&#8211; utilizzare descrittori opportunamente scelti tra quelli ritenuti pi\u00f9 adeguati, agevoli o maggiormente discriminanti;<br \/>&#8211; uniformare il sistema descrittivo ad altri sistemi gi\u00e0 esistenti per quella specie, permettendo il confronto con descrizioni di riferimento.<br \/>Alle schede descrittive per ciascuna RGV verranno allegati fotografie in 2D e 3D della pianta e di parte di essa per facilitare il confronto e la consultazione delle schede; Attivit\u00e0 realizzata nell&#8217;ultimo anno.<br \/><br \/>Nello specifico, l&#8217;obiettivo da raggiungere per singolo partner coinvolto nell&#8217;attivit\u00e0 \u00e8 il seguente:<br \/>&#8211; 01\/C Iscrizione all&#8217;anagrafe regionale di almeno 15 &#8220;variet\u00e0 da conservazione&#8221;;<br \/>&#8211; 01\/ES Iscrizione all&#8217;anagrafe regionale di almeno 50 &#8220;variet\u00e0 da conservazione&#8221;;<br \/>&#8211; 02\/ES Iscrizione all&#8217;anagrafe regionale di almeno 20 &#8220;variet\u00e0 da conservazione&#8221;;<br \/>&#8211; 04\/ES Iscrizione all&#8217;anagrafe regionale di almeno 3 &#8220;variet\u00e0 da conservazione&#8221;;<br \/>&#8211; 05\/ES Iscrizione all&#8217;anagrafe regionale di almeno 2 &#8220;variet\u00e0 da conservazione&#8221;;<\/p><p>In totale saranno registrate al registro regionale e nazionale 90 variet\u00e0.<\/p>\t\t\t\t\t\t\t\t<\/div>\n\t\t\t\t<\/div>\n\t\t\t\t<\/div>\n\t\t\t\t<\/div>\n\t\t\t\t<\/div>\n\t\t","protected":false},"excerpt":{"rendered":"<p>Registrazione di variet\u00e0\/cloni\/biotipi nei cataloghi nazionali e regionali. A1 &#8211; Registrazione di variet\u00e0 all&#8217;anagrafe regionale e nazionale Partner &#8211; 01\/C, 01\/ES, 02\/ES, 04\/ES, 05\/ES I partner, in accordo con il capofila, concorderanno le variet\u00e0 a rischio di erosione genetica da iscrivere all&#8217;anagrafe regionale e nazionale con previa compilazione delle schede descrittive approvate con D.M. 1862&#8230;<\/p>\n","protected":false},"author":1,"featured_media":0,"parent":232,"menu_order":0,"comment_status":"closed","ping_status":"closed","template":"","meta":{"om_disable_all_campaigns":false,"_monsterinsights_skip_tracking":false,"_monsterinsights_sitenote_active":false,"_monsterinsights_sitenote_note":"","_monsterinsights_sitenote_category":0,"ngg_post_thumbnail":0,"footnotes":""},"class_list":["post-1731","page","type-page","status-publish","hentry"],"aioseo_notices":[],"_links":{"self":[{"href":"https:\/\/savegrain-cer.com\/index.php\/wp-json\/wp\/v2\/pages\/1731","targetHints":{"allow":["GET"]}}],"collection":[{"href":"https:\/\/savegrain-cer.com\/index.php\/wp-json\/wp\/v2\/pages"}],"about":[{"href":"https:\/\/savegrain-cer.com\/index.php\/wp-json\/wp\/v2\/types\/page"}],"author":[{"embeddable":true,"href":"https:\/\/savegrain-cer.com\/index.php\/wp-json\/wp\/v2\/users\/1"}],"replies":[{"embeddable":true,"href":"https:\/\/savegrain-cer.com\/index.php\/wp-json\/wp\/v2\/comments?post=1731"}],"version-history":[{"count":7,"href":"https:\/\/savegrain-cer.com\/index.php\/wp-json\/wp\/v2\/pages\/1731\/revisions"}],"predecessor-version":[{"id":1740,"href":"https:\/\/savegrain-cer.com\/index.php\/wp-json\/wp\/v2\/pages\/1731\/revisions\/1740"}],"up":[{"embeddable":true,"href":"https:\/\/savegrain-cer.com\/index.php\/wp-json\/wp\/v2\/pages\/232"}],"wp:attachment":[{"href":"https:\/\/savegrain-cer.com\/index.php\/wp-json\/wp\/v2\/media?parent=1731"}],"curies":[{"name":"wp","href":"https:\/\/api.w.org\/{rel}","templated":true}]}}